o(c) = d*r(c) + 5*x(c). Give o(-1).
11
Let z(i) = -i**2 - 2*i. Suppose 4*s - 4 = 8. Let d be 0/(6/3) - s. Calculate z(d).
-3
Let o(i) = i**2 - 8*i. Let g be o(7). Let h(v) = -v - 2. Give h(g).
5
Let z(a) = -a - 2. Let w be (12/42)/(1/7). Suppose 4*u = 5*s - 7, w*u + 2*s = -s + 13. Determine z(u).
-4
Suppose 5*n - 4*l = 9, 2*n + 2*l - 13 - 5 = 0. Let u(t) = -4*t**3 - t**2 - t - 1. Let w be u(-1). Let m(z) = -w*z + 3*z - z + 5. What is m(n)?
0
Let f(n) = -n + 8. Let y be f(6). Let v be (2 - 1)*(1 + 0). Let h(a) = a**3 + a**2. Let l(z) = 5*z**2 - 2*z - 1. Let d(s) = v*l(s) - 2*h(s). Give d(y).
-9
Let w be (7 - 9)*(-1)/(-2)*-3. Let k(l) = -l**3 + 3*l**2 - 2*l + 4. Determine k(w).
-2
Let h(q) = -q**3 + q**2 - q. Let v = 17 - 19. Determine h(v).
14
Let x(q) be the first derivative of -q**6/120 + q**5/10 - q**3/3 + q**2/2 - 2. Let o(y) be the second derivative of x(y). What is o(6)?
-2
Let w(p) = p + 2. Suppose 5*y - 3*o = -2*o + 13, -4*y + 6 = -3*o. Suppose 8*a = y*a. Determine w(a).
2
Suppose -5*j + 17 = 2. Suppose j*l - 5*l + 12 = 0. Let k(s) = -s - 5. Let b(x) = x + 4. Let y(i) = l*b(i) + 5*k(i). Calculate y(-3).
-4
Let d(h) be the third derivative of -h**6/120 + h**5/12 - h**3/6 - 5*h**2. Suppose o - 5*g + 4*g = -10, -o - 5*g - 16 = 0. Let k = -6 - o. Calculate d(k).
-1
Let h(x) = -x**3 - x**2 + x - 3. Suppose -o + 5*v + 14 = 0, 3*v + 12 = -5*o - 30. Let k = o + 10. Suppose u + w + 2 = 0, -4*u - 8 = -u + k*w. What is h(u)?
-3
Let r = -3 + 5. Let b(q) = q**2 + 3*q + 0*q**2 - r*q - 4. Let s = -20 - -16. Give b(s).
8
Suppose -2*t = -2*w - 20, -t + 45 = 3*t - 5*w. Suppose 3*j - 2*j = -l - t, 2*l - 3*j - 15 = 0. Let s(o) = 1 + 4*o + o**2 + l - 1. Determine s(-3).
-3
Let u(c) be the first derivative of -3*c**2/2 - 2*c - 1. Let i be 4/(-6)*(4 - 1). Determine u(i).
4
Let u(p) = 6*p**2 - p - 1. Let g(t) = t + 14. Let j be g(-15). Calculate u(j).
6
Suppose 0*l + 2 = 2*l. Let k(p) = -2*p + 4. Let m(f) = -1. Let u(x) = l*k(x) + 5*m(x). Calculate u(-3).
5
Let b be (-16)/(-10) - (-6)/(-10). Let d = 2 + b. Let t(l) = 2 + 4 - 5 - d*l + 4*l. What is t(4)?
5
Let g(s) be the first derivative of -s**4/24 - 2*s**2 - 4. Let x(r) be the second derivative of g(r). Give x(-4).
4
Let m = 5 - 8. Let n be (-12)/(-8)*(-2)/m. Suppose n + 4 = -5*j. Let c(k) = -3*k**3. What is c(j)?
3
Let u(z) be the third derivative of z**8/20160 - z**7/840 + z**6/240 - z**5/10 + 6*z**2. Let s(f) be the third derivative of u(f). Give s(6).
3
Let r(f) = -f**3 - 5*f**2 - 5*f. Let d = -13 + 9. Let p be r(d). Let j(z) = -z**2 + 4*z - 2. Calculate j(p).
-2
Let i be ((-5)/4)/((-5)/20). Suppose 0 = -i*d - 5*t + 6 - 31, 0 = -2*d + 5*t + 25. Let k = -5 + d. Let b(l) = -l**3 - 4*l**2 + 6*l. Give b(k).
-5
Let m(x) = -x**3 + 4*x**2 - 3*x + 2. Let c = 43 - 39. Determine m(c).
-10
Let u(i) = i**3 + 8*i**2 + 10. Let s be u(-8). Suppose 2*l = 4*k + 12, 2*l = 5*l - 2*k - s. Let w(j) = j**2 + j + 0*j - 8*j**l + 1. Calculate w(-1).
-7
Suppose -3*d = -2*d - 8. Suppose 0 = 4*m - d, -c + m = -0*m + 3. Let h(n) = -8*n**3 + 2*n**2 - n - 2*n**2 - n**2. What is h(c)?
8
Let h(i) = -2*i + 2 - i**2 + 1 + 0 - 4*i. Determine h(-7).
-4
Let u(m) be the first derivative of -3*m**2/2 - m + 7. Determine u(-2).
5
Let h(b) be the third derivative of -b**6/24 + b**4/12 + b**3/6 + b**2. Let m(z) = 2*z**2 - 5*z + 2. Let p be m(3). Suppose 9*y + p = 4*y. Calculate h(y).
4
Let q(f) = 7*f**2 + 2*f. Let j be q(-1). Let t(a) = -a**3 - 4*a + 3. Let g(d) = 2*d**3 - d**2 + 7*d - 6. Let z(i) = j*t(i) + 3*g(i). Calculate z(3).
0
Let s(o) be the third derivative of -o**5/60 - o**4/4 + 2*o**3/3 - 41*o**2. What is s(-7)?
-3
Let q(n) be the second derivative of -5*n - 1/6*n**3 + 0 - n**2. Calculate q(-6).
4
Suppose 0 = -6*w - 1 - 11. Let k(m) = -11*m**3 - 13*m**2 - 2*m + 3. Let z(d) = 5*d**3 + 6*d**2 + d - 1. Let r(a) = 3*k(a) + 7*z(a). Give r(w).
-4
Let s(f) = -4 + 3 + 5*f + 1. Suppose -4*v + 10 = -5*a, 3*v = -2*a - 2*a - 8. Let d = a + 1. Determine s(d).
-5
Let c(f) = f + 2. Let y(r) be the second derivative of -r**3/6 - r**2/2 + 5*r. Let w(k) = -2*c(k) - 3*y(k). What is w(-2)?
-3
Let b = -19 + 22. Let c(k) be the first derivative of 4/3*k**b + 2 + k - 1/4*k**4 - 2*k**2. What is c(3)?
-2
Suppose 3*y = -y. Let m(q) be the third derivative of 1/60*q**5 + 0*q**4 + 1/120*q**6 + q**2 + 1/3*q**3 + 0*q + 0. Give m(y).
2
Let f be 6/8*(-12 + 8). Let w(y) be the third derivative of y**6/120 + y**5/15 + y**4/24 - 2*y**3/3 - 5*y**2. What is w(f)?
2
Suppose 4*i = 4*u - 36, 0*u - 4*u - 4*i - 4 = 0. Let r(s) = s**2 - 3*s - 5. Determine r(u).
-1
Let r(q) = -q - 1. Let v be (0/2)/(7/28*8). What is r(v)?
-1
Let w(t) = -3 + 2 - 5*t + 8 - t**2. Let n(q) = 3*q**2 + q. Let d be n(-1). Let b be (1 + 0)/(d/(-10)). Calculate w(b).
7
Let u(d) be the third derivative of d**6/120 + 2*d**5/15 - d**4/3 + 5*d**3/6 + 5*d**2. Give u(-9).
-4
Let u(g) be the first derivative of 23*g**4/4 - 2*g**3/3 + g**2/2 - 42. What is u(1)?
22
Suppose -5*c = 1 - 16. Let t(h) = -2*h**2 - 2*h**2 + 3*h + 5*h**2 + c. Let i(s) = s**3 - 3*s**2 - 3. Let b be i(3). Give t(b).
3
Suppose -2*c + 15 = 3*c - 2*h, 9 = 3*c + 3*h. Let v(x) = 4*x + 3. Calculate v(c).
15
Let p be (-4)/(-5) - 1/(-5). Let w = 2 - p. Let m(y) be the second derivative of -2*y**3/3 - y. Calculate m(w).
-4
Let z be 1 + 42/(-1 + -2). Let p(o) = 5*o + 13*o - 2*o**2 - 31 - 4*o. Let u(r) = r**2 - 7*r + 15. Let s(a) = z*u(a) - 6*p(a). Give s(6).
-3
Let r(x) = -x**3 + 5*x**2 - 2*x + 4. Let p(g) = g**2 - g - 2. Let a be p(-2). Calculate r(a).
12
Let s = 16 - 11. Let n(v) be the first derivative of -v**5/20 + 5*v**4/12 + v**3/6 - 7*v**2/2 - v + 2. Let q(k) be the first derivative of n(k). Calculate q(s).
-2
Let k(p) be the third derivative of -p**2 + 0*p + 1/40*p**5 + 1/24*p**4 + 0 - 1/3*p**3. Let d(m) be the first derivative of k(m). Give d(1).
4
Let q(g) = -3*g**2 - 5*g + 2. Let s(i) = -13*i**2 - 20*i + 7. Let j(w) = 9*q(w) - 2*s(w). What is j(-6)?
-2
Let w(a) = 4*a**2 + 6*a**2 - 3*a**3 + a - 8*a**2. Let t be w(-1). Let l(j) = -j**3 + 5*j**2 - 6*j + 3. Determine l(t).
-5
Let z(d) = -d**3 + d**2 + 4*d - 1. Let i(m) = -10*m**2 - 2*m + 2. Let k be i(1). Let r = k - -13. Determine z(r).
-7
Suppose 2*i = -2*i. Suppose i = -6*z + 2*z + 20. Let j(m) = 2*m - 4. Let t(y) = 2*y - 4. Let r(h) = 4*j(h) - 5*t(h). What is r(z)?
-6
Let h(c) = -c**2 - c + 2. Suppose 0 = 4*b + 4*k - 12, -2*b - k - 3 = 2*b. Let i be (0 - 2) + (-1 - -5). Let m = b + i. What is h(m)?
2
Let s(h) = 2*h + 4 + 0 + 2. What is s(-6)?
-6
Suppose -4*j = 4*p - 1 - 19, 3*j - 4*p = -6. Let n(k) = -1 - 1 - 7 + 1 + k**j - k. What is n(0)?
-8
Let y be (-4)/(-3) - (-4)/6. Let l(p) = -6*p + 1 + 7*p**y + p**3 + p**3 + 3 - 3*p**3. Give l(6).
4
Let r(w) = 3*w**2 + 3*w + 3. Let p(l) = -l. Let x(g) = g**2 - 7*g - 2. Let h(j) = 4*p(j) - x(j). Let t be h(4). What is r(t)?
9
Let u(y) = 5 - 3*y**3 + 6*y + 7*y - 4*y**2 + 4*y**3 - 16*y. Let f be 6*(-5)/(15/(-2)). Calculate u(f).
-7
Let c(p) be the second derivative of -1/6*p**3 + 0 - 7/12*p**4 + 0*p**2 + p. Calculate c(1).
-8
Suppose -5*s + 5*x + 4 = -3*s, -3*s - 5*x + 6 = 0. Suppose -5*y - 4*l = 10, 0*l - 4 = 3*y + s*l. Let k(f) = -4*f**2 + 3*f. Determine k(y).
-10
Suppose -8 = -3*k + 1. Let r(o) be the second derivative of k*o + 0 + 2/3*o**3 + 2*o**2 - 1/12*o**4. Determine r(4).
4
Let u(p) = -p. Let k(t) = -4*t - 10. Let v(c) = k(c) - 3*u(c). Calculate v(-8).
-2
Let r(h) = -14*h - 1. Let b(o) = -3*o + 2. Let v(d) = -d + 1. Let y(q) = -5*b(q) + 10*v(q). Let n(i) = 4*r(i) + 11*y(i). What is n(0)?
-4
Let k(g) = g**2 + 2*g + 1. Suppose -9*b = -4*b - 85. Suppose -b = 4*m - 5. Determine k(m).
4
Let v(h) be the third derivative of h**4/12 - 5*h**3/6 - h**2. Let k(s) = 6*s + 1. Let p be k(1). What is v(p)?
9
Let o(a) = a**3 - 3*a**2 - 4*a + 5. Suppose 0 = 4*l - 1 - 11. Let m be -3 - (-2 + l)*-7. Calculate o(m).
5
Suppose 40*i = 45*i + 15. Let w(n) = -2*n**2 - 2*n + 2. Give w(i).
-10
Let w(m) = -3*m**2 - m + 2. Let h(b) = b**3 + 3*b**2 - b + 2. Suppose -g - 4*g = 2*z + 33, -4*z - 41 = 5*g. Let q be h(z). Let s be 32/(-20) + 4/q. Give w(s).
-8
Let z(q) be the first derivative of -q**6/360 - q**5/15 - q**4/8 + 5*q**3/3 - 5. Let j(x) be the third derivative of z(x). Determine j(-5).
12
Let j(q) = -q**2 - 7*q + 4. Suppose 2*k = 4, 2 + 0 = 2*h - 2*k. Suppose